{"id":73,"date":"2014-02-24T14:20:49","date_gmt":"2014-02-24T13:20:49","guid":{"rendered":"http:\/\/informator.wbp.wroc.pl\/info\/\/?page_id=73"},"modified":"2023-03-08T10:33:12","modified_gmt":"2023-03-08T09:33:12","slug":"kontakt","status":"publish","type":"page","link":"https:\/\/informator.wbp.wroc.pl\/info\/kontakt\/","title":{"rendered":"KONTAKT"},"content":{"rendered":"<p>Dzia\u0142 Instrukcyjno-Metodyczny i Bada\u0144 Czytelniczych<br \/>\nDolno\u015bl\u0105ska Biblioteka Publiczna<br \/>\nim. Tadeusza Mikulskiego we Wroc\u0142awiu<br \/>\ntel. 71\/ &nbsp;33 52 206 lub 33 52 237<br \/>\ntel. kom. 667 300 170<br \/>\n<span style=\"line-height: 1.5;\">e-mail: <a href=\"javascript:DeCryptX('3p0e2v0o2f2{2e3}0n3|1A0w3e0p1\/0w1s0o3f0.0p3o')\">metodyczny@wbp.wroc.pl<\/a><\/span><\/p>\n","protected":false},"excerpt":{"rendered":"<p>Dzia\u0142 Instrukcyjno-Metodyczny i Bada\u0144 Czytelniczych Dolno\u015bl\u0105ska Biblioteka Publiczna im. Tadeusza Mikulskiego we Wroc\u0142awiu tel. 71\/ &nbsp;33 52 206 lub 33 52 237 tel. kom. 667 300 170 e-mail: <a href=\"javascript:DeCryptX('2o0e1u1p3g1z0c2|0n2{1A0w1c2r310w2t1p0c0.3s2n')\">metodyczny@wbp.wroc.pl<\/a><\/p>\n","protected":false},"author":5,"featured_media":0,"parent":0,"menu_order":0,"comment_status":"closed","ping_status":"closed","template":"","meta":{"ngg_post_thumbnail":0,"footnotes":""},"_links":{"self":[{"href":"https:\/\/informator.wbp.wroc.pl\/info\/wp-json\/wp\/v2\/pages\/73"}],"collection":[{"href":"https:\/\/informator.wbp.wroc.pl\/info\/wp-json\/wp\/v2\/pages"}],"about":[{"href":"https:\/\/informator.wbp.wroc.pl\/info\/wp-json\/wp\/v2\/types\/page"}],"author":[{"embeddable":true,"href":"https:\/\/informator.wbp.wroc.pl\/info\/wp-json\/wp\/v2\/users\/5"}],"replies":[{"embeddable":true,"href":"https:\/\/informator.wbp.wroc.pl\/info\/wp-json\/wp\/v2\/comments?post=73"}],"version-history":[{"count":8,"href":"https:\/\/informator.wbp.wroc.pl\/info\/wp-json\/wp\/v2\/pages\/73\/revisions"}],"predecessor-version":[{"id":8720,"href":"https:\/\/informator.wbp.wroc.pl\/info\/wp-json\/wp\/v2\/pages\/73\/revisions\/8720"}],"wp:attachment":[{"href":"https:\/\/informator.wbp.wroc.pl\/info\/wp-json\/wp\/v2\/media?parent=73"}],"curies":[{"name":"wp","href":"https:\/\/api.w.org\/{rel}","templated":true}]}}